= -2*f - 160. What is the units digit of f?
1
Suppose -4*d = 4 - 16. Suppose d*o = 6*o + 42. Let p = 0 - o. What is the units digit of p?
4
Let k be (-8)/((-28)/(-16) + -2). Suppose -31*j + k*j = 3. What is the units digit of j?
3
Let k = 476 - 226. Suppose -24 = -5*b - 4. Suppose i + b*i = k. What is the tens digit of i?
5
Let p = 1341 + -564. What is the units digit of p?
7
Suppose 0 = 10*y + 15163 + 15137. What is the units digit of 0 - (-2)/(-7) - y/21?
4
What is the units digit of -3 - 20/(-8) - 4370/(-20)?
8
Let v(k) = 13*k**2 - 18*k + 93. What is the tens digit of v(7)?
0
Suppose -42*y + 46*y - 1276 = 0. Suppose y = 2*t + 3*g, 4*t - g - 672 = -55. What is the tens digit of t?
5
Suppose 0 = -4*y + 4*j - 52, -2*y + 6*y = 2*j - 46. What is the units digit of (-172)/(-6) - (20/(-3))/y?
8
Let z = -45 - 33. Let g = z - -128. What is the units digit of g?
0
Let a(k) = -27*k - 23. Let v(s) = 13*s + 12. Let z(o) = -3*a(o) - 5*v(o). Let r be -4*1 + (-48)/((-48)/8). What is the units digit of z(r)?
3
What is the units digit of 387/(-6)*(-3 - (-25)/(-3))?
1
Suppose -2*q = -0*q - z - 1842, 2*z + 1846 = 2*q. What is the tens digit of q?
1
Let k(m) = -m**2 - 6*m. Let w be k(-3). Let t(v) = v**3 - 7*v**2 - 9*v - 4. What is the tens digit of t(w)?
7
Let d = -10 - -14. Let j be d/10 + 952/20. Suppose 6*q - 4*q = j. What is the tens digit of q?
2
Suppose 3*s - 2*g = 1578, 41*s + 3*g = 36*s + 2611. What is the units digit of s?
4
Let q = -2594 + 4354. What is the tens digit of q?
6
Suppose -132122 = -52*o + 61994. What is the units digit of o?
3
Suppose l = -4*x + 342 + 140, 0 = 3*l - x - 1407. Suppose 4*i - 376 = -f, 3*f = 5*i - f - l. Let q = -41 + i. What is the tens digit of q?
5
Let s be (-6)/(-4)*(-6)/(-3). Suppose 57 = 4*g - s*f - 244, 3*g - f = 227. What is the tens digit of g?
7
Let m be -3*(-332)/6*(20 - 19). Suppose 5*y - f - 830 = 0, m = -y + 2*y + 3*f. What is the tens digit of y?
6
Let p(u) = -u**2 + 13*u + 11. Let j(a) = a**3 + 4*a**2 + 6. Let n be j(-4). Let g be 5/(15/n) - -8. What is the tens digit of p(g)?
4
Let w = 301 + 87. What is the hundreds digit of w?
3
Let s(a) = a**3 + 12*a**2 - a - 2. Suppose -5*m - 5 = 15. Let n = -8 + m. What is the tens digit of s(n)?
1
Let g = 1695 - 1415. What is the units digit of g?
0
Let g = -5 + 5. Let k(p) = p**2 - p + 6. Let w be k(g). Suppose 2*r - 30 = -w. What is the units digit of r?
2
Let l = -3 - -2. What is the units digit of l/((-4)/252*3)?
1
What is the units digit of 838 - -1 - (66 - 64)?
7
Suppose -3*i - 5 = -5*x, 6 = 5*i - 19. Suppose 5*b = 2*f + 17, -x*f + 9*f + b = 25. Suppose -2*w + 5*a = -w - 5, -4*w + 52 = -f*a. What is the tens digit of w?
1
Suppose 4*n - 14 = 3*n. Suppose n + 3 = t. Suppose -3*s - 8 = 4*h - 55, 4*h - 3*s = t. What is the units digit of h?
8
Let z = -1301 + 2204. What is the units digit of z?
3
Suppose 0 = j + d + 3, -4*j + 2*j + 4*d + 12 = 0. Suppose 5*t + 3*r - 288 = 214, j = -5*t - 5*r + 510. What is the units digit of t?
8
Let r(u) = -2 - 4 - 6*u + 3 + 3*u. Let n be r(-1). Suppose -3*w - 98 = -4*b, n = -5*b - 0*w - 2*w + 134. What is the tens digit of b?
2
Suppose f = -4*i - 4, -1 = -4*i - 5. Suppose l - 5*d + 0*d - 79 = f, 0 = -3*l - 5*d + 257. What is the units digit of l?
4
Let w be 4/(-10) + -6 + (-894)/(-10). Let l = w + -52. What is the tens digit of l?
3
Let f be -2*(-2)/2 + -1. Let v(b) = -2*b + 2*b + f + 8*b. What is the units digit of v(2)?
7
Let i(c) = 78*c**3 + 3*c**2 - 1. What is the hundreds digit of i(2)?
6
Suppose 0 - 2 = -2*n. Let z(r) = 90*r**2. Let p be z(n). What is the tens digit of 2/15 - (-2598)/p?
2
Let f(s) = -s + 0*s + 1 + 6*s. Let h(l) = -5*l - 4. Let d be h(-1). What is the units digit of f(d)?
6
Let z = 1393 + 230. What is the tens digit of z?
2
Let y(g) = -g**3 - 7*g**2 + 5. Let d be y(-7). Suppose -d*i + 178 = -3*m - 125, i - 2*m - 62 = 0. What is the tens digit of i?
6
Let a be ((-33)/(-2))/((-3)/(-4)). Let o = a + 18. What is the units digit of o?
0
Let q(v) be the third derivative of v**6/120 - v**5/60 + 4*v**2. Let t be q(0). Suppose -2*j + 0*j + 14 = t. What is the units digit of j?
7
Let x = -36 - -18. Suppose 37 = -t + b, -5*t + 2*t - 4*b = 125. What is the tens digit of 2/(t/x - 2)?
1
Let q be -1 + 0 - 56/(-14). Suppose -80 - 184 = -q*p. What is the tens digit of p?
8
Suppose 0 = 3*z - 5*v - 295, 250 = z + 2*z + 4*v. Suppose 7 = 3*x + 22, -4*s - 2*x + z = 0. What is the tens digit of s?
2
Let j(t) = -6*t**3 + 2*t**2 - 2*t - 1. Suppose -2*g + 6*g + 4*y = -24, 0 = -3*g - 2*y - 15. What is the units digit of j(g)?
5
Let j(u) = -4*u + 42. Let d be j(8). Suppose -d*i + 8*i = -140. What is the tens digit of i?
7
Let d be (-715)/(-15) + (-4)/6. Suppose 4*t = -d + 207. Let q = -21 + t. What is the units digit of q?
9
Suppose 5*x + 2*o = 3*x + 632, x = 5*o + 304. Let p = x + -214. What is the hundreds digit of p?
1
Suppose 9 = -3*z, 7*z + 57 = -4*b + 4*z. Let f = b - -17. Suppose -24 = 2*j - f*j. What is the units digit of j?
8
Suppose 14740 = 53*n - 42*n. What is the hundreds digit of n?
3
Let z be -3 + 1 + 0 - 18. Suppose m = -m - 5*s + 76, 5*m + s - 144 = 0. Let v = z + m. What is the units digit of v?
8
Let d be (-2)/(-3) - 20/(-6). Suppose -28 = -z - 3*v, -56 = -d*z + 2*v - 0*v. Let l = -12 + z. What is the units digit of l?
4
Let w(s) = 9*s + 20. Let d be w(5). Suppose -d - 124 = -3*q. What is the units digit of q?
3
Suppose -5*q = 3*k - 22, -6*k + 3*q = -4*k - 21. What is the units digit of 641/k - (-22)/(-99)?
1
Let d = -196 - -128. Let i = d + 126. What is the tens digit of i?
5
Let n = -7 - -31. Suppose 4*u + u = 255. Let q = u - n. What is the units digit of q?
7
What is the tens digit of (-10)/5 - -5 - -2350?
5
Let y be 568/((-4)/(-2)) - 13/13. Suppose 4*l - 2*l - 3*x = y, 2*l - 2*x - 278 = 0. What is the tens digit of l?
3
Suppose -l = -2 - 3, -8 = -z - l. Suppose -z*t + 17 = -7. What is the units digit of (t/12)/(4/210)?
5
Let d(b) = b**2 + 4*b - 3. Let u = 14 + -20. What is the units digit of d(u)?
9
Suppose -20*f + 5*q = -18*f - 12066, 5*q - 6003 = -f. What is the hundreds digit of f?
0
Let s(t) = -15*t + 796. What is the tens digit of s(48)?
7
Let r = 25 + -25. Suppose 6*k + 10 - 34 = r. Suppose -k*q + m = -258, -5*m + 4 = -6. What is the units digit of q?
5
Let z(v) = 18*v + 3. Let x be z(-2). Let n be 18/(-4) - x/(-22). What is the units digit of (16 - 1)/(-5 - n)?
5
Suppose -4*l + 5*b + 0*b = 2, 0 = -2*l + 5*b - 6. What is the tens digit of (-1)/(((-1)/l)/(603/6))?
0
Let b(c) = 0*c**2 + 4 + c**2 + c - 20. Let a be b(7). Let w = a + -21. What is the units digit of w?
9
Let k be 84 - (2 + (1 - -5)). Let u(m) = -55*m - 3. Let d be u(-2). Let w = d - k. What is the units digit of w?
1
Let b(z) = 38*z - 3. Let w be b(-2). Let m = -27 - w. What is the tens digit of m?
5
Suppose 4*r + 4*b + 96 = 0, 6*b - 2*b = 2*r + 18. Let w = r + 1. Let u = w - -31. What is the units digit of u?
3
Suppose 5*j - 3126 = -t + 4026, j - 1419 = -4*t. What is the hundreds digit of j?
4
Suppose 0 = 10*z - 5*z + 4*j - 2170, 2*z - 856 = -4*j. What is the hundreds digit of z?
4
Let f = 1 + 42. Let q = f + -24. What is the tens digit of q?
1
Let k = -5 + 9. Suppose 0 = -r + k. Suppose -2*n = 3*j - 9, 0 = -r*j - n - 0*n + 7. What is the units digit of j?
1
Let d(f) = 4*f**2 + 3*f - 7. Let s be d(-4). Suppose -2*l + 407 = s. What is the units digit of l?
1
Suppose 0*l - 120 = 10*l. Let p = l - -42. What is the units digit of p?
0
Let p(i) = -i**2 - 45. Let d be p(0). Suppose 5*f = -w + 67, -5*w - f - 4*f + 375 = 0. Let r = d + w. What is the units digit of r?
2
Suppose -3*f + 270 = 2*f - 2*u, -4*u + 216 = 4*f. What is the units digit of f?
4
Suppose u + 4*u = i + 64, -5*i - 440 = 5*u. Let b = -81 - i. What is the units digit of b?
3
Suppose 3*k - 168 = -15*u + 18*u, -2*k + 142 = 4*u. What is the units digit of k?
1
Suppose 77*w - 75*w = 1524. What is the tens digit of w?
6
Let v = 47 - 43. Suppose -6*q + 210 = v*q. What is the tens digit of q?
2
Let n = -1818 + 3891. What is the thousands digit of n?
2
Suppose -5*t = -19*t + 17248. What is the hundreds digit of t?
2
Let h be (-15)/(-3) + -3 + 5. Suppose -h*j = -2*j + 35. Let f = j + 28. What is the units digit of f?
1
Let x be 33 + (1 - (3 + -4)). Let a = 105 - x. What is the units digit of a